pose 75 = -2*s + a + 368, 5*s - 731 = g*a. What is the units digit of s?
8
Let x(j) = j**2 - 7*j - 2. Let o be x(7). Let l(g) = g - 1. Let p be l(o). What is the units digit of 2*(3 + 3/p)?
4
Suppose -5*p + 115 = -80. Suppose -p*y = -44*y + 975. What is the tens digit of y?
9
Let q(s) = -s**2 + 14*s + 15. Let z be q(15). Suppose 3*m + z = 9. What is the tens digit of 9/m + 5*3?
1
Let h be (-4)/6*(2 + -8). Let g be h/18*(10 - 1). Suppose g*m - v = 23, -2*m - 4*v + 64 = 2*m. What is the tens digit of m?
1
Suppose -14859 - 19253 = -16*p. What is the thousands digit of p?
2
Let d(s) be the third derivative of -s**5/60 + 13*s**4/24 + 3*s**3/2 - 10*s**2. What is the tens digit of d(10)?
3
Suppose 0 - 12 = -3*t. Suppose -5*c + 296 - 17 = k, 0 = t*c + 4*k - 236. Suppose -y = 3*i - c, -2*y + 7*y = 2*i - 31. What is the units digit of i?
8
What is the units digit of (-4772)/(-7) - (6 - 44/7)?
2
Suppose 4*v + 92 = 4*u + 24, -3*u + 5*v + 53 = 0. Suppose -u = -g + 4. What is the units digit of g?
0
Suppose 0 = 6*r + 177 + 273. Let s = 133 + r. What is the units digit of s?
8
Suppose 217 = 5*q + m, 4*q + 4*m = 3*q + 32. Let v be 2/(-11) - (-4232)/q. Let b = -55 + v. What is the units digit of b?
1
Suppose 0 = -929*c + 957*c - 137004. What is the tens digit of c?
9
Suppose 5*r - 8 = 4*r + 2*v, 3*v = 3*r - 12. Suppose r = 3*x - 5*x + 156. Suppose -4*h + 46 + x = 0. What is the units digit of h?
1
Suppose 2*h + h = -12. What is the units digit of 45 + 2*h/8?
4
Let i = -40 + 36. What is the tens digit of (138/(-6))/(-1 - 2/i)?
4
Let x = 723 - 488. What is the hundreds digit of x?
2
Let x be 246*(6/9 - 0). Let f = -96 + x. What is the units digit of f?
8
Let a be -3 - 1/(3/318). Let p = 153 + a. What is the units digit of p?
4
Suppose u + q - 20 = 70, 0 = -u - 3*q + 94. What is the units digit of u?
8
Let i(o) = -4*o**2 + 45. What is the units digit of i(0)?
5
Let i be (3/2)/((-3)/(-64)). Let g = i - 15. Let t = g + -10. What is the units digit of t?
7
Let z(c) be the third derivative of 7*c**4/8 - 8*c**3/3 + 23*c**2. What is the tens digit of z(13)?
5
Suppose -3*q - 4 + 247 = 0. What is the units digit of q?
1
Let d = -2 - -1. Let k(a) = 8*a**3 + a + 1. Let c be k(d). Let l = 1 - c. What is the units digit of l?
9
Let x(q) = q - 3. Let n be x(4). Let c be (3/n)/(3/(-2)). What is the tens digit of (-6 - c)/((-4)/26)?
2
Let a(j) = -j - 3. Let y be a(-5). Suppose 4*r + y*l = 6, 0 = 3*r - 7*l + 2*l - 24. Let t(s) = 15*s - 4. What is the tens digit of t(r)?
4
Let h(g) = -79*g**2 - 2*g. Let s(y) = 158*y**2 + 4*y + 1. Let u(x) = -5*h(x) - 2*s(x). Let v be u(-2). What is the tens digit of v/18 + 4/(-18)?
1
Suppose t + 4 = 0, -4*s = -0*t - 4*t - 1320. What is the tens digit of s?
2
Let f = 190 - 101. Let s be (24 - 25)*1*(36 - -1). Let i = f + s. What is the units digit of i?
2
Suppose 2*q = 2*n, 3*q + 0*q = 5*n - 6. Suppose 2*o + 2*h = 102, 6*h + 176 = 4*o + q*h. What is the units digit of o?
7
Let v(i) = i**3 - 9*i**2 - 9*i - 7. Let t be 3 + 0 + 3 + 4. Let n be v(t). Suppose -x - 4*l = -8, n*x - 14 = -x + 2*l. What is the units digit of x?
4
Suppose a + 27 = 21. Let n(p) = -p**2 - 8*p - 12. Let h be n(a). What is the units digit of h + (2 - 4) - -45?
3
What is the hundreds digit of (15929/34 - 5/(-2)) + -1?
4
Let l(v) be the third derivative of v**5/60 + 5*v**4/24 - 19*v**3/6 + 13*v**2. What is the tens digit of l(-11)?
4
What is the tens digit of 241608/144 - 1/6*-1?
7
Suppose 14*u - 798 = 8*u. Let f = 257 - u. What is the tens digit of f?
2
Suppose -j + 2*p = 9 - 1, 2*p = 5*j + 24. Let z be 1582/21*(-6)/j. What is the tens digit of 2/(-14) - z/(-7)?
1
Let b(v) = 9*v**2 - 125*v + 78. What is the units digit of b(24)?
2
Suppose -n + s = -0*s - 1804, 4*s = -2*n + 3632. What is the units digit of n?
8
Let u = -562 - -3128. What is the thousands digit of u?
2
Let v(m) = -22*m**3 - 2*m**2 - m. Let x be v(-1). Let n = x - 19. Suppose 0 = -n*g + 3*o + 103, -4 = -o - 3. What is the tens digit of g?
5
Let y be (-1358)/(-3) - (-44)/(-66). Suppose -f = -3*h + 136 - 363, 2*f - 5*h - y = 0. What is the hundreds digit of f?
2
Let k be -168*((-1)/2 - -1). Let p = 282 + k. What is the tens digit of p?
9
Let v(w) = -3*w**2 + 11*w + 13. Let k be v(4). Suppose 0 = -2*q - 3*j - 47, -4*q + 0*q - 5*j - 95 = 0. Let f = k - q. What is the tens digit of f?
3
Let a = 2546 + 540. What is the thousands digit of a?
3
Let w(x) be the second derivative of 5*x**4/12 + 5*x**3/6 - 5*x**2/2 - 4*x. Let i be w(3). Suppose 0 = 5*m + i - 305. What is the tens digit of m?
5
Let q = -709 - -3360. What is the units digit of q?
1
Suppose 0 = -23*q + 49*q - 10868. What is the hundreds digit of q?
4
Suppose -1461 = 31*w - 23502. What is the units digit of w?
1
Let p(h) = 25*h**2 - 8*h + 8. What is the tens digit of p(5)?
9
Suppose -2*c + 5798 = c - n, 9668 = 5*c - 4*n. What is the tens digit of c?
3
Let m be 12/7 + 6/21. Let u = 327 - 283. What is the units digit of (u/(-11))/(m/(-4))?
8
Suppose 4*a + 3*n - 466 = 72, -2*n + 4 = 0. Suppose -4*m + 2*g = -3*g - 229, a = 3*m + 4*g. Suppose m = 2*d - 45. What is the tens digit of d?
4
Suppose 8*f = 3*f + 65. What is the tens digit of ((-94)/6)/(f/(-39))?
4
Let r(u) = 95*u**2 + 7*u + 14. What is the units digit of r(-7)?
0
Suppose u + 6 = 3*u. Suppose 2*f = 2*n + 7 - u, f = -3*n + 18. Let l(c) = c**2 - 3*c - 5. What is the units digit of l(f)?
3
Let u = -108 - -48. Let b = 268 + u. What is the hundreds digit of b?
2
Let t(q) = q - 6. Let j be t(-13). Let w = j - -24. Suppose 212 - 47 = w*b. What is the units digit of b?
3
Let g be 89 + 2*1/(-2). Suppose -l + 0*l = -2, 5*z - 3*l = 19. Suppose -p = -z*p + g. What is the tens digit of p?
2
Suppose -3*b + b + 3*v + 1089 = 0, b - v - 546 = 0. What is the hundreds digit of b?
5
Let u(c) be the second derivative of c**4/8 - 3*c**2 - 7*c. Let d(y) be the first derivative of u(y). What is the units digit of d(8)?
4
Suppose 0 = -10*g + 2463 + 1847. What is the units digit of g?
1
Let q be 1098/180 + (-2)/20. Suppose -q*i + 7*i = 110. What is the units digit of i?
0
Let c = 161 - 143. Suppose 5*y = -12 - 3. What is the units digit of (c + y)*(-22)/(-6)?
5
Suppose -1266 = 14*m - 7846. What is the hundreds digit of m?
4
Suppose 6*x = 3*x + 93. Let h = x + -64. Let l = 19 - h. What is the tens digit of l?
5
Suppose 3*b - 2*n - 972 = 246, 0 = -3*n. Suppose -6*p + p + 4*c = -b, -2*c + 148 = 2*p. What is the units digit of p?
8
Suppose l = 16*l - 6570. What is the hundreds digit of l?
4
Suppose 3*f = 228 + 492. What is the hundreds digit of f?
2
Let w = 252 - -86. What is the tens digit of w?
3
Let q be -2*1/((-3)/6). Let r(y) = 4*y**2 + 5*y + 1. Let j be r(q). Suppose 5*p - 3 = 2, j = 2*o + 3*p. What is the tens digit of o?
4
Suppose -2*b = 27 - 3. Let x be b/(-30) - (-26)/10. Let o(g) = 10*g - 6. What is the tens digit of o(x)?
2
Let t = 11 + -8. Suppose -4*u - 3*m + 228 = 0, u = t*m + 2*m + 34. What is the units digit of u?
4
Let d(o) = -o**3 + 26*o**2 - 19*o + 2. Let y(w) = 3*w**3 - 79*w**2 + 56*w - 6. Let s(i) = 7*d(i) + 2*y(i). What is the units digit of s(23)?
8
Let f(r) = r**2 + r. Let u be f(-2). Let y(c) = 17*c + 3. Let h be y(3). Suppose -n + h = u*n. What is the tens digit of n?
1
Suppose 0 = -2*m - 551 + 99. Let i = m + 422. What is the hundreds digit of i?
1
Suppose 32*q - 28*q = 84. Suppose -268 = -f + q. What is the units digit of f?
9
Let d(k) be the first derivative of 3/4*k**4 + 1 - 1/3*k**3 + 3*k - 3/2*k**2. What is the units digit of d(2)?
7
Let s = 4391 - 1768. What is the units digit of s?
3
Suppose -5 = 9*r - 10*r. Suppose r*b = -2*b + 378. What is the units digit of b?
4
Suppose 3*x + x = 96. Suppose -3*p = -p + x. Let f(o) = -4*o + 11. What is the tens digit of f(p)?
5
Let q = -91 - -163. Suppose -b + q = b. Suppose 6*g - b = 3*g. What is the units digit of g?
2
Suppose 5*p - 3920 = -2*p. What is the units digit of p?
0
Let d be (-1768)/(-18) + (-10)/45. Let t(p) = -p**3 + 5*p**2 + 2*p + 16. Let v be t(7). Let x = v + d. What is the units digit of x?
0
Let o(k) = -k - 3. Let r be o(-7). Suppose -r = -2*t, 10 = -4*b - 5*t + 152. What is the tens digit of b?
3
Suppose -g = -4*k + 3*g, k + 3*g = 12. Suppose -303 = k*c - 6*c. Suppose -m = 2*b - c, 2*b - 45 = -4*m + 71. What is the units digit of b?
8
Let d 